e -4*n - 5*l - 41 - 22 = 0, -4*l - 12 = 0. Let s(q) = -q**3 - 13*q**2 - 15*q + 16. What is the units digit of s(n)?
2
Let v(h) = h**3 + 4*h + 3*h - 14 - 5*h - 11*h**2. What is the units digit of v(11)?
8
Let w = -3 + 6. Suppose -r = w*r - 64. What is the tens digit of r?
1
Let d = 18 - 18. Suppose -3*u + 5*u = -3*q - 14, -3*q + 3*u = 24. Let f = d - q. What is the units digit of f?
6
Let z = 10 + -2. Let d = z + -6. What is the units digit of d?
2
Suppose 88 = 8*b - 4*b. What is the units digit of b?
2
Let r = 22 + -16. Suppose 20 = r*z - 4*z. What is the units digit of z?
0
Suppose 0 = 2*r + 18 + 6. Let z be 2/12 - 106/r. Suppose z = 3*k - 5*k - 5*h, -3*k = 2*h - 14. What is the units digit of k?
8
What is the tens digit of (3 - 0)*70/21?
1
What is the tens digit of (-17)/(((-1)/(-3))/(8/(-6)))?
6
Let f(v) = 4*v**3 + 2*v**2 - 2*v + 1. What is the units digit of f(1)?
5
Let d be 1*-3*(-7)/21. Let b(r) = 16*r - 2. What is the tens digit of b(d)?
1
Suppose 5*y - 2*t - 1756 = 0, 2*y + 2*y - 4*t - 1412 = 0. What is the units digit of y?
0
Let r(d) = 0 - 8 + 1 - d. Let z be r(-9). Suppose 0*x + 5*x = -z*l + 4, -19 = -5*x + 3*l. What is the units digit of x?
2
Suppose 2*f = -3*f + 150. Suppose -f = -b + 13. What is the tens digit of b?
4
Let i(f) = f**2 + 4*f + 3. Let w be i(-5). What is the units digit of (1 - -1)*(w - 1)?
4
Let i be 45/12 + 1/4. Suppose -3*a = a - i. Suppose -4*s + a = -19. What is the units digit of s?
5
Suppose 5*j - 15 = 0, -2*k + 3*k - j - 89 = 0. What is the units digit of k?
2
Let r(n) = -n. Let v be r(-4). Let o(p) = 1 - 3*p**2 - p + 2 - p**3 + v*p. What is the units digit of o(-4)?
7
Suppose 30 = 3*s - 12. Suppose -2 = -3*p + 2*p - 2*b, b = -p - 3. Let v = s + p. What is the units digit of v?
6
Suppose 3*g + 3 + 0 = 0. Let a(m) = m + 1. Let l be a(-2). What is the units digit of l*(-11 + g)/3?
4
Suppose 3*x = 4*x + 3*h - 33, 0 = -4*x + 4*h + 132. What is the tens digit of x?
3
Suppose 3 = -k + 9. Suppose -2*j + 2*m + 4 = -j, 4*m = -5*j + k. Suppose j*t - 54 = -t. What is the tens digit of t?
1
What is the units digit of -4 - -1 - (-1 - 7)?
5
Let p(l) be the third derivative of 17*l**4/24 - l**2. What is the units digit of p(1)?
7
Let s = 24 - 19. Suppose t + 2*t = 4*d - 3, -5*d + 15 = 0. Suppose -s*y + t = x - 1, 4*x = 5*y + 41. What is the units digit of x?
9
Let n = -8 + 11. Let r be -8 + (-6)/(-9)*n. Let a = r + 19. What is the tens digit of a?
1
Suppose 3*l = 54 + 51. What is the tens digit of l?
3
Let v(g) = 23*g + 14. What is the hundreds digit of v(8)?
1
Let y be (-164)/(-12)*1*3. Suppose 0 = 5*u - 4*r - y, 0*u + u + 7 = -3*r. What is the units digit of u?
5
Suppose -2*s + 401 = 3*s - 4*j, s = -5*j + 86. What is the tens digit of s?
8
Let i(x) = -x**3 + 8*x**2 - 5*x + 10. Let u be i(7). Let k = u + -14. What is the tens digit of k?
1
What is the units digit of 16/64 - 367/(-4)?
2
Let f be (-3 - -2)/((-1)/(-2)). Let i be (f/5)/((-3)/(-15)). What is the units digit of -2 + (-1)/(i/18)?
7
What is the units digit of ((-4)/(-3) - 3)*-3?
5
Suppose -2*i - 3*i + 23 = 4*g, 2 = 4*i - 5*g. Let c be 7 - (0 + -1 + i). Let s = c + -1. What is the units digit of s?
4
Suppose -2*w = -w. Suppose 5*z = -l + 4*l - 43, w = l + z - 17. Let p = -5 + l. What is the tens digit of p?
1
Let q(h) be the second derivative of h**3/3 - 3*h**2/2 - h. What is the units digit of q(7)?
1
Let p = 8 - 6. Suppose -p*s + 36 = 3*o, -4*s = o + o - 16. What is the units digit of o?
4
Let o be 4/6 - (-40)/(-6). Let g(p) = -p**3 - 7*p**2 - 7*p + 5. What is the tens digit of g(o)?
1
Suppose 5*s + 2*t = 204, -3*s - 123 = -6*s - t. What is the units digit of s?
2
Let g = 2 + -17. What is the units digit of (-30)/(-9)*(-27)/g?
6
Let s(y) = 3*y**2 - 5*y. Let v be s(4). Suppose 4*c + 0*c = v. What is the units digit of c?
7
Let n(x) = x**2 + 7*x**2 - x**3 - 6*x - x**2 + 7. Let y = -10 + 16. What is the units digit of n(y)?
7
Let i be 114/4*(-16)/12. Let h = i - -71. What is the tens digit of h?
3
Let o = 0 - 5. Let a = o + 5. Suppose -j - 3*j + 64 = a. What is the tens digit of j?
1
Let m = 30 - -44. What is the tens digit of m?
7
Let q = 12 + -2. What is the units digit of q?
0
Let g = -7 + 13. Let i = g + -3. Suppose -18 = -k - i*l, -l = 3*k + 6 - 20. What is the units digit of k?
3
Let w(o) = o + 3. What is the units digit of w(9)?
2
Let w(x) = x - 5. Let n be w(5). Suppose 4*v + 4*r - 12 = -n*r, 2*v = -4*r + 10. What is the units digit of v/(-3*3/(-117))?
3
Let p = 7 + 29. What is the tens digit of p?
3
Suppose -s = -3 + 2. Let i be 2*30/4 + s. Suppose -2*b - i = -3*b. What is the tens digit of b?
1
Suppose 0 = -6*d + 871 + 29. Suppose 3*u - 9*u = -d. What is the units digit of u?
5
Suppose 4*b - 4*r + 12 = 0, -b = -5*r + r + 15. What is the units digit of b?
1
Let g be (-2)/5 - 142/(-5). Suppose 2*r = -a - 7 + g, -3*r + 51 = 3*a. Let h = a - 8. What is the units digit of h?
5
Suppose -5*b - 3*v = -3*b - 339, b = -5*v + 159. What is the units digit of b?
4
Let m = 10 - -12. Let q = m + -10. What is the units digit of q?
2
Let h be ((-15)/(-6))/(1/2). Suppose 0 = h*c - 50 - 50. What is the tens digit of c?
2
Let l(b) = b**2 - 4*b - 2. Let u be l(5). Suppose 0 = -5*q - 4*j + 95, u*q - j = -0*q + 57. What is the units digit of q?
9
Suppose 306 = 6*s - 264. What is the units digit of s?
5
Let b = 1 - -1. Let d be (-1)/(-1)*0/b. Suppose d = 2*w + 4 - 6. What is the units digit of w?
1
Let u(f) = 2*f**2 + 5*f + 1. Let g be ((-2)/(-2))/((-1)/4). What is the units digit of u(g)?
3
Suppose 11*v = 16*v - 685. What is the hundreds digit of v?
1
Let a(h) = -h**3 + 4*h**2 - 2*h - 2. Let z(b) = b**3 - 3*b**2 + 7*b - b**2 - 3*b**2 - 4. Let i be z(6). What is the units digit of a(i)?
2
Let y be ((-10)/6 - -2)*12. Suppose -a + y = -5. What is the units digit of a?
9
Let w(f) = -75*f + 5. What is the tens digit of w(-1)?
8
Suppose -14*z - 129 = -17*z. What is the tens digit of z?
4
Let i(k) = 4*k**3 - k**2. Suppose 4*r + 0*h = -5*h + 47, 2*h + 18 = 3*r. Suppose -s + 4*s = x + r, -s + 5*x = -26. What is the units digit of i(s)?
3
Let k(m) = m**2 - 2*m + 1. Let c be k(3). Suppose 0 = -c*w + 4 + 4. What is the units digit of w + 3/(-1) + 13?
2
Let g(i) = 18*i**2 - 2*i + 2. Let x(j) = -17*j**2 + 2*j - 1. Let n(t) = -2*g(t) - 3*x(t). What is the tens digit of n(-1)?
1
Let b = -3 + 3. Suppose -3*o + o - 12 = b. What is the units digit of o/(-4)*28/3?
4
Suppose 5*w = o + 23, 3*w = -w + 4*o + 28. What is the units digit of -1 - -4*w - 0?
5
Let c(x) = x**2 - 6*x + 9. Let m be c(8). Suppose -m = -2*h - 3*h. What is the units digit of h?
5
Let u = -4 - -5. Let g = 4 - u. What is the units digit of g?
3
What is the tens digit of (-56)/((-1 + 5)/(-4))?
5
Let z be 1 + (-1 - -1) + -5. Let b(c) be the third derivative of c**5/30 + 7*c**4/24 + 5*c**3/6 + 5*c**2. What is the units digit of b(z)?
9
Let y = 146 + -143. What is the units digit of y?
3
Let q be 2/6 + 48/18. Suppose 0 = -q*l - 5*w - 1, 5*l + 3*w - w = 11. Suppose 3*d + 5*s + 9 = 2*d, l*s + 31 = d. What is the tens digit of d?
1
Let x(o) = o**3 - 6*o**2 + 8*o. Let m be x(6). Let p(v) = v**3 - 5*v**2 - 6*v + 2. Let h be p(6). Suppose h*y - m = -y. What is the units digit of y?
6
Suppose 0*g = -2*g + 4. What is the units digit of g?
2
Let q(c) = -3*c**2 + 7*c**2 - 5 + c**3 + 3*c**2 + 4*c. What is the units digit of q(-6)?
7
Suppose 0 = -0*n + 4*n. Suppose -f + 4*f = n. Suppose -4*q + 78 - 2 = f. What is the tens digit of q?
1
Let g = 39 - -75. What is the tens digit of g?
1
Suppose 2*n + 2*t = -4 + 14, 0 = -3*n + 4*t + 15. What is the units digit of n?
5
Let c(z) = z**2 + 12*z + 6. Let n be c(-8). Let m = n + 46. What is the tens digit of m?
2
Suppose -3*a + 15 = 0, 5*p = 2*a + 449 - 44. What is the tens digit of p?
8
Let d = -15 + 11. Let c = d + 6. What is the units digit of -14*(2/c)/(-2)?
7
Suppose 0 = 3*b - 5*k - 300, -2*b + 3*k + 201 = -0*k. What is the tens digit of b?
0
What is the units digit of (-196)/21*3/(-2)?
4
What is the units digit of (-27)/18*10/(-3)?
5
Let z(k) = -k**3 - 7*k**2 + 2. Let y be z(-7). Let o be 1/(-4*(-1)/8). Suppose -y*a + 2 = 0, o*t - 1 = 5*a - 2. What is the units digit of t?
2
Let z = 2 + 6. Suppose 5 = -3*f - c, -z*c = -4*c - 16. Let j(d) = -2*d - 2. What is the units digit of j(f)?
4
Suppose 0*z